{"id":39,"date":"2018-06-21T16:57:18","date_gmt":"2018-06-21T16:57:18","guid":{"rendered":"https:\/\/testing.homeinfo.de\/hvo-eg\/www\/?page_id=39"},"modified":"2023-11-13T15:41:09","modified_gmt":"2023-11-13T14:41:09","slug":"gastewohnung","status":"publish","type":"page","link":"https:\/\/www.hvo-eg.de\/?page_id=39","title":{"rendered":"G\u00e4stewohnung"},"content":{"rendered":"<p>[vc_row row_height_percent=&#8220;0&#8243; override_padding=&#8220;yes&#8220; h_padding=&#8220;2&#8243; top_padding=&#8220;2&#8243; bottom_padding=&#8220;0&#8243; overlay_alpha=&#8220;50&#8243; gutter_size=&#8220;0&#8243; shift_y=&#8220;0&#8243;][vc_column column_width_percent=&#8220;100&#8243; gutter_size=&#8220;2&#8243; overlay_alpha=&#8220;50&#8243; shift_x=&#8220;0&#8243; shift_y=&#8220;0&#8243; z_index=&#8220;0&#8243; medium_width=&#8220;0&#8243; width=&#8220;1\/1&#8243;][vc_custom_heading heading_semantic=&#8220;h3&#8243; text_size=&#8220;h3&#8243;]G\u00e4stewohnung[\/vc_custom_heading][vc_separator][vc_column_text]<\/p>\n<h4>Unser Service f\u00fcr Ihre Besucher<\/h4>\n<p>[\/vc_column_text][vc_row_inner][vc_column_inner width=&#8220;1\/2&#8243;][vc_column_text]Unsere G\u00e4stewohnung im Hause Ravensbrink 16 a erfreut sich gro\u00dfer Beliebtheit.\u00a0Das Bad ist mit einer Dusche ausgestattet. Kaffeekocher und Sp\u00fclmaschine sind vorhanden.\u00a0Bettzeug und Handt\u00fccher werden nicht gestellt.<\/p>\n<p>Aufgrund der regen Nachfrage bitten wir Sie, Ihre Buchungsanfrage fr\u00fchzeitig an uns zu richten, um sich die G\u00e4stewohnung f\u00fcr Ihre Besucher reservieren zu lassen.[\/vc_column_text][\/vc_column_inner][\/vc_row_inner][vc_single_image media=&#8220;1598&#8243; caption=&#8220;yes&#8220; media_width_percent=&#8220;100&#8243; media_ratio=&#8220;four-three&#8220; shape=&#8220;img-round&#8220;][vc_single_image media=&#8220;1599&#8243; caption=&#8220;yes&#8220; media_width_percent=&#8220;100&#8243; media_ratio=&#8220;four-three&#8220; shape=&#8220;img-round&#8220;][\/vc_column][\/vc_row][vc_row row_height_percent=&#8220;0&#8243; override_padding=&#8220;yes&#8220; h_padding=&#8220;2&#8243; top_padding=&#8220;2&#8243; bottom_padding=&#8220;0&#8243; overlay_alpha=&#8220;50&#8243; gutter_size=&#8220;0&#8243; shift_y=&#8220;0&#8243;][vc_column column_width_percent=&#8220;100&#8243; gutter_size=&#8220;2&#8243; overlay_alpha=&#8220;50&#8243; shift_x=&#8220;0&#8243; shift_y=&#8220;0&#8243; z_index=&#8220;0&#8243; medium_width=&#8220;0&#8243; width=&#8220;1\/1&#8243;][vc_custom_heading heading_semantic=&#8220;h3&#8243; text_size=&#8220;h3&#8243;]Die Einzelheiten[\/vc_custom_heading][vc_separator][vc_row_inner][vc_column_inner width=&#8220;1\/2&#8243;][vc_column_text]<strong>Nutzungsgeb\u00fchr pro Nacht:<\/strong><br \/>\n<strong>40\u20ac\u00a0<\/strong> (Zzgl. Endreinigung 30\u20ac; ab 2 Wochen Aufenthalt 60\u20ac)<\/p>\n<p>Eine Belegung der Wohnung bis max. 4 Personen ist vereinbart. Sollten entgegen dieser Vereinbarung weitere Personen in der G\u00e4stewohnung \u00fcbernachten, wird je Person\/Nacht eine zus\u00e4tzliche Geb\u00fchr in H\u00f6he von 40,&#8211; \u20ac erhoben. Die Geb\u00fchr der Endreinigung betr\u00e4gt in diesem Fall 60,&#8211; \u20ac[\/vc_column_text][\/vc_column_inner][vc_column_inner width=&#8220;1\/2&#8243;][\/vc_column_inner][\/vc_row_inner][vc_row_inner][vc_column_inner width=&#8220;1\/2&#8243;][vc_column_text]Der Schl\u00fcssel ist beim Hausmeister am Anreisetag ab 13.00 Uhr abzuholen und am Abreisetag bis 11.00 Uhr wieder abzugeben.<\/p>\n<p>W\u00e4hrend des Aufenthaltes entstandene Sch\u00e4den (z. B. am Inventar) sind dem Hausmeister umgehend mitzuteilen.<\/p>\n<p>Bettw\u00e4sche, Handt\u00fccher, etc. stellt die HVO nicht zur Verf\u00fcgung. Diese sind von den Nutzern der G\u00e4stewohnung mitzubringen.<\/p>\n<p>Die Wohnung ist in einem ordentlichen Zustand zu hinterlassen. Die Endreinigung wird durch den Hausmeister vorgenommen. Sollten bei der Endreinigung Verunreinigungen an den Bettdecken und Kopfkissen festgestellt werden, werden diese auf Kosten des Mieters gereinigt. Die Kosten f\u00fcr die Reinigung einer Bettdecke belaufen sich auf \u20ac 25,&#8211;, die eines Kopfkissens auf \u20ac 15,&#8211;.[\/vc_column_text][\/vc_column_inner][vc_column_inner width=&#8220;1\/2&#8243;][vc_column_text]<strong>R\u00fccktrittsbedingungen<\/strong><\/p>\n<p>Bei R\u00fccktritt von der Reservierung bitten wir um schriftliche Mitteilung. Der Hausmeister ist m\u00fcndlich zu informieren.<\/p>\n<p>[\/vc_column_text][\/vc_column_inner][\/vc_row_inner][vc_row_inner row_inner_height_percent=&#8220;0&#8243; overlay_alpha=&#8220;50&#8243; gutter_size=&#8220;0&#8243; shift_y=&#8220;0&#8243;][vc_column_inner column_width_percent=&#8220;100&#8243; position_horizontal=&#8220;left&#8220; gutter_size=&#8220;3&#8243; overlay_alpha=&#8220;50&#8243; shift_x=&#8220;0&#8243; shift_y=&#8220;0&#8243; z_index=&#8220;0&#8243; medium_width=&#8220;0&#8243; width=&#8220;1\/4&#8243;][\/vc_column_inner][vc_column_inner column_width_percent=&#8220;100&#8243; position_horizontal=&#8220;left&#8220; gutter_size=&#8220;3&#8243; overlay_alpha=&#8220;50&#8243; shift_x=&#8220;0&#8243; shift_y=&#8220;0&#8243; z_index=&#8220;0&#8243; medium_width=&#8220;0&#8243; width=&#8220;1\/4&#8243;][vc_column_text]<strong>Frau Ehrenberg<\/strong><br \/>\nG\u00e4stewohnung\/<br \/>\ntechnische Wohnungsverwaltung<br \/>\n<a href=\"mailto:Carolin.Ehrenberg@hvo-eg.de\">Carolin.Ehrenberg@hvo-eg.de<\/a><br \/>\n0541 2 80 61 &#8211; 20[\/vc_column_text][\/vc_column_inner][vc_column_inner width=&#8220;1\/4&#8243;][\/vc_column_inner][vc_column_inner width=&#8220;1\/4&#8243;][\/vc_column_inner][\/vc_row_inner][\/vc_column][\/vc_row]<\/p>\n","protected":false},"excerpt":{"rendered":"<p>[vc_row row_height_percent=&#8220;0&#8243; override_padding=&#8220;yes&#8220; h_padding=&#8220;2&#8243; top_padding=&#8220;2&#8243; bottom_padding=&#8220;0&#8243; overlay_alpha=&#8220;50&#8243; gutter_size=&#8220;0&#8243; shift_y=&#8220;0&#8243;][vc_column column_width_percent=&#8220;100&#8243; gutter_size=&#8220;2&#8243; overlay_alpha=&#8220;50&#8243; shift_x=&#8220;0&#8243; shift_y=&#8220;0&#8243; z_index=&#8220;0&#8243; medium_width=&#8220;0&#8243; width=&#8220;1\/1&#8243;][vc_custom_heading heading_semantic=&#8220;h3&#8243; text_size=&#8220;h3&#8243;]G\u00e4stewohnung[\/vc_custom_heading][vc_separator][vc_column_text] Unser [&hellip;]<\/p>\n","protected":false},"author":1,"featured_media":0,"parent":0,"menu_order":0,"comment_status":"closed","ping_status":"closed","template":"","meta":[],"_links":{"self":[{"href":"https:\/\/www.hvo-eg.de\/index.php?rest_route=\/wp\/v2\/pages\/39"}],"collection":[{"href":"https:\/\/www.hvo-eg.de\/index.php?rest_route=\/wp\/v2\/pages"}],"about":[{"href":"https:\/\/www.hvo-eg.de\/index.php?rest_route=\/wp\/v2\/types\/page"}],"author":[{"embeddable":true,"href":"https:\/\/www.hvo-eg.de\/index.php?rest_route=\/wp\/v2\/users\/1"}],"replies":[{"embeddable":true,"href":"https:\/\/www.hvo-eg.de\/index.php?rest_route=%2Fwp%2Fv2%2Fcomments&post=39"}],"version-history":[{"count":27,"href":"https:\/\/www.hvo-eg.de\/index.php?rest_route=\/wp\/v2\/pages\/39\/revisions"}],"predecessor-version":[{"id":1600,"href":"https:\/\/www.hvo-eg.de\/index.php?rest_route=\/wp\/v2\/pages\/39\/revisions\/1600"}],"wp:attachment":[{"href":"https:\/\/www.hvo-eg.de\/index.php?rest_route=%2Fwp%2Fv2%2Fmedia&parent=39"}],"curies":[{"name":"wp","href":"https:\/\/api.w.org\/{rel}","templated":true}]}}