{"id":23,"date":"2018-06-21T16:55:21","date_gmt":"2018-06-21T16:55:21","guid":{"rendered":"https:\/\/testing.homeinfo.de\/hvo-eg\/www\/?page_id=23"},"modified":"2025-11-18T15:07:07","modified_gmt":"2025-11-18T14:07:07","slug":"ausbildung","status":"publish","type":"page","link":"https:\/\/www.hvo-eg.de\/?page_id=23","title":{"rendered":"Ausbildung"},"content":{"rendered":"<p>[vc_row row_height_percent=&#8220;0&#8243; override_padding=&#8220;yes&#8220; h_padding=&#8220;2&#8243; top_padding=&#8220;2&#8243; bottom_padding=&#8220;0&#8243; overlay_alpha=&#8220;50&#8243; gutter_size=&#8220;3&#8243; shift_y=&#8220;0&#8243;][vc_column column_width_percent=&#8220;100&#8243; gutter_size=&#8220;2&#8243; overlay_alpha=&#8220;50&#8243; shift_x=&#8220;0&#8243; shift_y=&#8220;0&#8243; z_index=&#8220;0&#8243; medium_width=&#8220;0&#8243; width=&#8220;1\/1&#8243;][vc_custom_heading heading_semantic=&#8220;h3&#8243; text_size=&#8220;h3&#8243;]Ausbildung[\/vc_custom_heading][vc_separator][vc_custom_heading heading_semantic=&#8220;h4&#8243; text_size=&#8220;h4&#8243;]Immobilienkaufmann\/-frau \u2013 ein toller Beruf sucht tolle Azubis[\/vc_custom_heading][vc_column_text]<span style=\"color: #ff0000;\"><em><strong>Der Ausbildungsplatz f\u00fcr August 2025 ist mittlerweile vergeben. Die n\u00e4chste Ausbildung startet 2028<\/strong><\/em><\/span><\/p>\n<p style=\"text-align: center;\"><strong><span style=\"color: #ff0000;\"><a style=\"color: #ff0000;\" href=\"https:\/\/youtu.be\/Ymu5o_qx8Ks\">Link zum Imagefilm der Berufschule<\/a><\/span><\/strong><\/p>\n<p>[\/vc_column_text][vc_row_inner][vc_column_inner width=&#8220;1\/3&#8243;][vc_column_text]Das Thema Wohnen betrifft uns irgendwann alle. Denn Wohnen ist ein Grundbed\u00fcrfnis. Jeder braucht ein Zuhause, wo er sich sicher und geborgen f\u00fchlen kann. Das macht den Beruf Immobilienkaufmann\/-frau nicht nur ziemlich krisensicher, sondern auch zu einem modernen Job voller Abwechslung und mit individuellen Karrierechancen \u2013 eben zu mehr als einer Ausbildung.<\/p>\n<p>Das altdeutsche Wort \u201ewonnen\u201c bedeutet urspr\u00fcnglich \u201ezufrieden sein\u201c. Und zur Zufriedenheit der Menschen mit ihren Wohn- und Lebensr\u00e4umen tragen Immobilienkaufleute mit ihrer Arbeit bei \u2013 eine sinnvolle, sch\u00f6ne, spannende und abwechslungsreiche Arbeit.[\/vc_column_text][\/vc_column_inner][vc_column_inner width=&#8220;1\/3&#8243;][vc_column_text]Bei einer gesunden Mischung aus organisatorischer Arbeit im B\u00fcro und pers\u00f6nlichem Kontakt zu Kunden und Mietern haben Immobilienkaufleute mit der gesamten Bandbreite der Wohnungswirtschaft zu tun:<\/p>\n<p>Von der Stadtplanung \u00fcber Finanzierung und Bau von neuem Wohnraum bis zur Vermietung und Pflege des Wohnungsbestandes. In der Wohnungs- und Immobilienwirtschaft werden Immobilienkaufleute in vielen Aufgabenbereichen t\u00e4tig, zum Beispiel im Vermietungs- und Verkaufsbereich oder in der Projektdurchf\u00fchrung.[\/vc_column_text][\/vc_column_inner][vc_column_inner width=&#8220;1\/3&#8243;][vc_column_text]Den Immokaufleuten stehen aber auch T\u00fcren offen in vielen anderen Bereichen, zum Beispiel bei Bautr\u00e4gern, Immobilienmaklern, Banken und Verwaltungsgesellschaften.<\/p>\n<p>Wir suchen junge Leute, die uns dabei helfen,<br \/>\nf\u00fcr unsere Wohnungen die richtigen Kunden zu finden![\/vc_column_text][\/vc_column_inner][\/vc_row_inner][\/vc_column][\/vc_row][vc_row row_height_percent=&#8220;0&#8243; override_padding=&#8220;yes&#8220; h_padding=&#8220;2&#8243; top_padding=&#8220;2&#8243; bottom_padding=&#8220;0&#8243; overlay_alpha=&#8220;50&#8243; gutter_size=&#8220;3&#8243; shift_y=&#8220;0&#8243;][vc_column width=&#8220;1\/1&#8243;][vc_separator][\/vc_column][\/vc_row][vc_row row_height_percent=&#8220;0&#8243; override_padding=&#8220;yes&#8220; h_padding=&#8220;2&#8243; top_padding=&#8220;2&#8243; bottom_padding=&#8220;0&#8243; overlay_alpha=&#8220;50&#8243; gutter_size=&#8220;3&#8243; shift_y=&#8220;0&#8243;][vc_column column_width_percent=&#8220;100&#8243; gutter_size=&#8220;2&#8243; overlay_alpha=&#8220;50&#8243; shift_x=&#8220;0&#8243; shift_y=&#8220;0&#8243; z_index=&#8220;0&#8243; medium_width=&#8220;0&#8243; width=&#8220;1\/1&#8243;][vc_column_text]Wir bilden junge Leute zur\/zum[\/vc_column_text][vc_custom_heading heading_semantic=&#8220;h3&#8243; text_size=&#8220;h3&#8243;]Immobilienkauffrau \/ zum Immobilienkaufmann[\/vc_custom_heading][vc_column_text]aus. Die Ausbildungsdauer betr\u00e4gt drei Jahre, kann aber verk\u00fcrzt werden bei<br \/>\nvorangegangener Berufsausbildung oder Vorbildung.<\/p>\n<p>Im Rahmen der Ausbildung durchlaufen die Auszubildenden unsere Abteilungen und<br \/>\nlernen schwerpunktm\u00e4\u00dfig folgende Aufgaben kennen:<\/p>\n<p>in der <strong>kaufm\u00e4nnischen Wohnungsverwaltung<\/strong><\/p>\n<ul>\n<li>Anpassung von Betriebskostenvorauszahlungen und -pauschalen<\/li>\n<li>Erstellen von Heizkostenabrechnungen<\/li>\n<li>Erstellen von Mietbescheinigungen und sonstigem Schriftverkehr<\/li>\n<li>Durchf\u00fchrung von fristlosen K\u00fcndigungen wegen Zahlungsverzug<\/li>\n<li>Genossenschaftswesen<\/li>\n<\/ul>\n<p>in der <strong>technischen Wohnungsverwaltung<\/strong><\/p>\n<ul>\n<li>Durchf\u00fchrung von Wohnungs\u00fcbergaben und -abnahmen, Wohnungsbesichtigungen<\/li>\n<li>Bearbeitung von Beschwerden aus der Mieterschaft, einschl. Mietminderungen<\/li>\n<li>Bearbeitung von Versicherungssch\u00e4den<\/li>\n<li>Pr\u00fcfung div. Handwerkerrechnungen<\/li>\n<li>Erstellen von Reinigungs- und Pflegepl\u00e4nen f\u00fcr unseren Wohnungsbestand<\/li>\n<\/ul>\n<p>in der <strong>Buchhaltung<\/strong><\/p>\n<ul>\n<li>Bearbeitung von Gesch\u00e4ftsvorf\u00e4llen in s\u00e4mtlichen Bereichen<br \/>\n(Finanzbuchhaltung, Mietenbuchhaltung)<\/li>\n<li>Mahn- und Klagewesen, Vorbereitung zur fristlosen K\u00fcndigung<\/li>\n<li>Einleitung von Vollstreckungsma\u00dfnahmen<\/li>\n<\/ul>\n<p>in der <strong>Vermietung<\/strong><\/p>\n<ul>\n<li>Erstellen von Exposes zu vermietbaren Wohnungen<\/li>\n<li>Erstellen von Vermietungsanzeigen<\/li>\n<li>Gespr\u00e4che mit Mietinteressenten bis zur Besprechung des Mietvertrages<\/li>\n<\/ul>\n<p>&nbsp;<\/p>\n<p style=\"text-align: center;\"><a href=\"mailto:kontakt@hvo-eg.de\"><strong>Bewirb dich jetzt hier.<\/strong><\/a><\/p>\n<p>[\/vc_column_text][\/vc_column][\/vc_row]<\/p>\n","protected":false},"excerpt":{"rendered":"<p>[vc_row row_height_percent=&#8220;0&#8243; override_padding=&#8220;yes&#8220; h_padding=&#8220;2&#8243; top_padding=&#8220;2&#8243; bottom_padding=&#8220;0&#8243; overlay_alpha=&#8220;50&#8243; gutter_size=&#8220;3&#8243; shift_y=&#8220;0&#8243;][vc_column column_width_percent=&#8220;100&#8243; gutter_size=&#8220;2&#8243; overlay_alpha=&#8220;50&#8243; shift_x=&#8220;0&#8243; shift_y=&#8220;0&#8243; z_index=&#8220;0&#8243; medium_width=&#8220;0&#8243; width=&#8220;1\/1&#8243;][vc_custom_heading heading_semantic=&#8220;h3&#8243; text_size=&#8220;h3&#8243;]Ausbildung[\/vc_custom_heading][vc_separator][vc_custom_heading heading_semantic=&#8220;h4&#8243; [&hellip;]<\/p>\n","protected":false},"author":1,"featured_media":0,"parent":0,"menu_order":0,"comment_status":"closed","ping_status":"closed","template":"","meta":[],"_links":{"self":[{"href":"https:\/\/www.hvo-eg.de\/index.php?rest_route=\/wp\/v2\/pages\/23"}],"collection":[{"href":"https:\/\/www.hvo-eg.de\/index.php?rest_route=\/wp\/v2\/pages"}],"about":[{"href":"https:\/\/www.hvo-eg.de\/index.php?rest_route=\/wp\/v2\/types\/page"}],"author":[{"embeddable":true,"href":"https:\/\/www.hvo-eg.de\/index.php?rest_route=\/wp\/v2\/users\/1"}],"replies":[{"embeddable":true,"href":"https:\/\/www.hvo-eg.de\/index.php?rest_route=%2Fwp%2Fv2%2Fcomments&post=23"}],"version-history":[{"count":21,"href":"https:\/\/www.hvo-eg.de\/index.php?rest_route=\/wp\/v2\/pages\/23\/revisions"}],"predecessor-version":[{"id":1986,"href":"https:\/\/www.hvo-eg.de\/index.php?rest_route=\/wp\/v2\/pages\/23\/revisions\/1986"}],"wp:attachment":[{"href":"https:\/\/www.hvo-eg.de\/index.php?rest_route=%2Fwp%2Fv2%2Fmedia&parent=23"}],"curies":[{"name":"wp","href":"https:\/\/api.w.org\/{rel}","templated":true}]}}